{"id":2075,"date":"2020-06-16T09:48:43","date_gmt":"2020-06-16T07:48:43","guid":{"rendered":"https:\/\/www.hellaberent.de\/blog\/?page_id=2075"},"modified":"2021-02-05T20:24:49","modified_gmt":"2021-02-05T18:24:49","slug":"1zu1-begegnung-mit-originalen-aus-der-sammlung-leverkusen","status":"publish","type":"page","link":"https:\/\/www.hellaberent.de\/blog\/1zu1-begegnung-mit-originalen-aus-der-sammlung-leverkusen\/","title":{"rendered":"Leverkusen 1:1 &#8211; Begegnung mit Originalen aus der Sammlung (2020)"},"content":{"rendered":"<p><img decoding=\"async\" class=\"alignnone size-large wp-image-2076 lazyload\" title=\"AgentenImFru\u0308hling 2018 - Watercolor, Gouache, Fabriano Paper 151 x 230 cm - Photo Guido Schiefer\" data-src=\"https:\/\/www.hellaberent.de\/blog\/wp-content\/uploads\/2020\/06\/2018_AgentenImFru\u0308hling_ZeichnungVideoInstallation_FotoGuidoSchiefer-930x1024.jpg\" alt=\"AgentenImFru\u0308hling 2018 - Watercolor, Gouache, Fabriano Paper 151 x 230 cm - Photo Guido Schiefer\" width=\"904\" height=\"995\" data-srcset=\"https:\/\/www.hellaberent.de\/blog\/wp-content\/uploads\/2020\/06\/2018_AgentenImFru\u0308hling_ZeichnungVideoInstallation_FotoGuidoSchiefer-930x1024.jpg 930w, https:\/\/www.hellaberent.de\/blog\/wp-content\/uploads\/2020\/06\/2018_AgentenImFru\u0308hling_ZeichnungVideoInstallation_FotoGuidoSchiefer-273x300.jpg 273w, https:\/\/www.hellaberent.de\/blog\/wp-content\/uploads\/2020\/06\/2018_AgentenImFru\u0308hling_ZeichnungVideoInstallation_FotoGuidoSchiefer-768x845.jpg 768w, https:\/\/www.hellaberent.de\/blog\/wp-content\/uploads\/2020\/06\/2018_AgentenImFru\u0308hling_ZeichnungVideoInstallation_FotoGuidoSchiefer-821x904.jpg 821w, https:\/\/www.hellaberent.de\/blog\/wp-content\/uploads\/2020\/06\/2018_AgentenImFru\u0308hling_ZeichnungVideoInstallation_FotoGuidoSchiefer.jpg 1200w\" data-sizes=\"(max-width: 904px) 100vw, 904px\" src=\"data:image\/svg+xml;base64,PHN2ZyB3aWR0aD0iMSIgaGVpZ2h0PSIxIiB4bWxucz0iaHR0cDovL3d3dy53My5vcmcvMjAwMC9zdmciPjwvc3ZnPg==\" style=\"--smush-placeholder-width: 904px; --smush-placeholder-aspect-ratio: 904\/995;\" \/><\/p>\n<p style=\"font-size: 9px; margin-top: -13px; text-align: right; padding-right: 10px;\">Photo by Guido Schiefer<\/p>\n<p><strong>1:1<\/strong><br \/>\n<strong>&#8220; <em>BEGEGNUNG MIT ORIGINALEN AUS DER SAMMLUNG<\/em> &#8222;<\/strong><br \/>\n20. Juni \u2013 30. August 2020<br \/>\nMuseum Schloss Morsbroich, Leverkusen<br \/>\nCurated by Fritz Emslander<\/p>\n<p><strong>AgentenImFr\u00fchling 2018 HELLABERENT<\/strong><br \/>\nPhotograph from the solo-exhibition AUTOBIOGRAPIE I <em>das gelebte Leben\u00a0<\/em> 2018\u00a0 Kunstverein Leverkusen, Schloss Morsbroich e.V.<\/p>\n<p>Works by<br \/>\nRichard Joseph Anuszkiewicz, Hella Berent, Rainer Gross, Katharina Grosse,<br \/>\nRaymond Hains, Peter Hutchinson, Juergen Klauke, Sherrie Levine, Eva tom Moehlen,<br \/>\nArnold Odermatt, Robyn Page, A. R. Penck, Sigmar Polke, Norbert Prangenberg,<br \/>\nDavid Rabinowitch, Gerhard Richter, Jean-Paul Riopelle, Edward Ruscha, Nora Schattauer,<br \/>\nMichael Schoenholtz, Ben Schonzeit, Ursula Schultze-Bluhm, Andreas Slominski, William Turnbull,<br \/>\nTroels W\u00f6rsel und R\u00e9my Zaugg<\/p>\n<p>&#8222;Kunst ist ein Versuch, dich einen halben Zentimeter \u00fcber dem Boden schweben zu lassen.&#8220;<br \/>\n(Yoko Ono)<\/p>\n<p><strong>Wenn wir nach vielen Wochen des Entzugs<\/strong> endlich wieder das Museum betreten, wird uns klar, was uns \u2013 auch im Zeitalter unbegrenzter digitaler Reproduzierbarkeit \u2013 gefehlt hat: Das Kunstwerk, das uns nach wie vor mit seiner materiellen Pr\u00e4senz packen kann. Es bezaubert uns, begeistert uns \u00e4sthetisch und ber\u00fchrt uns emotional. Ein Kunstwerk ist aber auch eine Herausforderung, ein Original mit unvergleichlicher Ausstrahlung, ein Gegen\u00fcber im Hier und Jetzt!<\/p>\n<p><strong>Die Ausstellung 1:1 inszeniert dieses gro\u00dfe Wiedersehen<\/strong> mit den einzigartigen Kunstwerken unserer Sammlung auf allen drei Etagen des Museum Morsbroich. In jedem Raum wird nur eine Arbeit ausgestellt und so der Rahmen f\u00fcr ebenso intensive wie exklusive Begegnungen geschaffen.Meet the art work: Treffen Sie unsere Werke ganz pers\u00f6nlich, erleben Sie die Originale wieder unmittelbar und live!<\/p>\n<p><strong>Kunst ist<\/strong> nicht nur eine Schule der Wahrnehmung, in der wir auf unser eigenes Sehen oder Nicht-Sehen zur\u00fcckverwiesen werden. Indem (gute) Kunst weder vom K\u00fcnstler noch vom Museum auf nur eine Deutung festgelegt wird, sondern sich wesentlich f\u00fcr verschiedene Sichtweisen und Interpretationen \u00f6ffnet, schafft sie zudem auch \u201eeinen freien Raum f\u00fcr den Menschen, wo dieser seine Freiheit \u00fcben kann\u201c (R\u00e9my Zaugg, 2000).<\/p>\n<p>Museum Morsbroich<br \/>\nGustav-Heinemann-Stra\u00dfe 80<br \/>\n51377 Leverkusen<br \/>\n<a href=\"http:\/\/www.museum-morsbroich.de\">www.museum-morsbroich.de<\/a><\/p>\n<p>Einladung \/ Invitation (<a href=\"https:\/\/hellaberent.de\/1zu1_Invitation_2020_Flyer.pdf\">PDF<\/a>)<\/p>\n","protected":false},"excerpt":{"rendered":"<p>Photo by Guido Schiefer 1:1 &#8220; BEGEGNUNG MIT ORIGINALEN AUS DER SAMMLUNG &#8222; 20. Juni \u2013 30. August 2020 Museum Schloss Morsbroich, Leverkusen Curated by Fritz Emslander AgentenImFr\u00fchling 2018 HELLABERENT Photograph from the solo-exhibition AUTOBIOGRAPIE I das gelebte Leben\u00a0 2018\u00a0 Kunstverein Leverkusen, Schloss Morsbroich e.V. Works by Richard Joseph Anuszkiewicz, Hella Berent, Rainer Gross, Katharina [&hellip;]<\/p>\n","protected":false},"author":3,"featured_media":0,"parent":0,"menu_order":0,"comment_status":"closed","ping_status":"closed","template":"","meta":{"footnotes":""},"class_list":["post-2075","page","type-page","status-publish","hentry"],"yoast_head":"<!-- This site is optimized with the Yoast SEO plugin v27.4 - https:\/\/yoast.com\/product\/yoast-seo-wordpress\/ -->\n<title>Leverkusen 1:1 - Begegnung mit Originalen aus der Sammlung (2020) - HELLA BERENT<\/title>\n<meta name=\"robots\" content=\"index, follow, max-snippet:-1, max-image-preview:large, max-video-preview:-1\" \/>\n<link rel=\"canonical\" href=\"https:\/\/www.hellaberent.de\/blog\/1zu1-begegnung-mit-originalen-aus-der-sammlung-leverkusen\/\" \/>\n<meta property=\"og:locale\" content=\"de_DE\" \/>\n<meta property=\"og:type\" content=\"article\" \/>\n<meta property=\"og:title\" content=\"Leverkusen 1:1 - Begegnung mit Originalen aus der Sammlung (2020) - HELLA BERENT\" \/>\n<meta property=\"og:description\" content=\"Photo by Guido Schiefer 1:1 &#8220; BEGEGNUNG MIT ORIGINALEN AUS DER SAMMLUNG &#8222; 20. Juni \u2013 30. August 2020 Museum Schloss Morsbroich, Leverkusen Curated by Fritz Emslander AgentenImFr\u00fchling 2018 HELLABERENT Photograph from the solo-exhibition AUTOBIOGRAPIE I das gelebte Leben\u00a0 2018\u00a0 Kunstverein Leverkusen, Schloss Morsbroich e.V. Works by Richard Joseph Anuszkiewicz, Hella Berent, Rainer Gross, Katharina [&hellip;]\" \/>\n<meta property=\"og:url\" content=\"https:\/\/www.hellaberent.de\/blog\/1zu1-begegnung-mit-originalen-aus-der-sammlung-leverkusen\/\" \/>\n<meta property=\"og:site_name\" content=\"HELLA BERENT\" \/>\n<meta property=\"article:modified_time\" content=\"2021-02-05T18:24:49+00:00\" \/>\n<meta name=\"twitter:card\" content=\"summary_large_image\" \/>\n<meta name=\"twitter:label1\" content=\"Gesch\u00e4tzte Lesezeit\" \/>\n\t<meta name=\"twitter:data1\" content=\"2\u00a0Minuten\" \/>\n<script type=\"application\/ld+json\" class=\"yoast-schema-graph\">{\"@context\":\"https:\\\/\\\/schema.org\",\"@graph\":[{\"@type\":\"WebPage\",\"@id\":\"https:\\\/\\\/www.hellaberent.de\\\/blog\\\/1zu1-begegnung-mit-originalen-aus-der-sammlung-leverkusen\\\/\",\"url\":\"https:\\\/\\\/www.hellaberent.de\\\/blog\\\/1zu1-begegnung-mit-originalen-aus-der-sammlung-leverkusen\\\/\",\"name\":\"Leverkusen 1:1 - Begegnung mit Originalen aus der Sammlung (2020) - HELLA BERENT\",\"isPartOf\":{\"@id\":\"https:\\\/\\\/www.hellaberent.de\\\/blog\\\/#website\"},\"datePublished\":\"2020-06-16T07:48:43+00:00\",\"dateModified\":\"2021-02-05T18:24:49+00:00\",\"breadcrumb\":{\"@id\":\"https:\\\/\\\/www.hellaberent.de\\\/blog\\\/1zu1-begegnung-mit-originalen-aus-der-sammlung-leverkusen\\\/#breadcrumb\"},\"inLanguage\":\"de\",\"potentialAction\":[{\"@type\":\"ReadAction\",\"target\":[\"https:\\\/\\\/www.hellaberent.de\\\/blog\\\/1zu1-begegnung-mit-originalen-aus-der-sammlung-leverkusen\\\/\"]}]},{\"@type\":\"BreadcrumbList\",\"@id\":\"https:\\\/\\\/www.hellaberent.de\\\/blog\\\/1zu1-begegnung-mit-originalen-aus-der-sammlung-leverkusen\\\/#breadcrumb\",\"itemListElement\":[{\"@type\":\"ListItem\",\"position\":1,\"name\":\"Startseite\",\"item\":\"https:\\\/\\\/www.hellaberent.de\\\/blog\\\/\"},{\"@type\":\"ListItem\",\"position\":2,\"name\":\"Leverkusen 1:1 &#8211; Begegnung mit Originalen aus der Sammlung (2020)\"}]},{\"@type\":\"WebSite\",\"@id\":\"https:\\\/\\\/www.hellaberent.de\\\/blog\\\/#website\",\"url\":\"https:\\\/\\\/www.hellaberent.de\\\/blog\\\/\",\"name\":\"Hella Berent\",\"description\":\"Extended Drawing = Sculpture = Space\",\"alternateName\":\"Hella Berent \u2013 Extended Drawing = Sculpture = Space\",\"potentialAction\":[{\"@type\":\"SearchAction\",\"target\":{\"@type\":\"EntryPoint\",\"urlTemplate\":\"https:\\\/\\\/www.hellaberent.de\\\/blog\\\/?s={search_term_string}\"},\"query-input\":{\"@type\":\"PropertyValueSpecification\",\"valueRequired\":true,\"valueName\":\"search_term_string\"}}],\"inLanguage\":\"de\"}]}<\/script>\n<!-- \/ Yoast SEO plugin. -->","yoast_head_json":{"title":"Leverkusen 1:1 - Begegnung mit Originalen aus der Sammlung (2020) - HELLA BERENT","robots":{"index":"index","follow":"follow","max-snippet":"max-snippet:-1","max-image-preview":"max-image-preview:large","max-video-preview":"max-video-preview:-1"},"canonical":"https:\/\/www.hellaberent.de\/blog\/1zu1-begegnung-mit-originalen-aus-der-sammlung-leverkusen\/","og_locale":"de_DE","og_type":"article","og_title":"Leverkusen 1:1 - Begegnung mit Originalen aus der Sammlung (2020) - HELLA BERENT","og_description":"Photo by Guido Schiefer 1:1 &#8220; BEGEGNUNG MIT ORIGINALEN AUS DER SAMMLUNG &#8222; 20. Juni \u2013 30. August 2020 Museum Schloss Morsbroich, Leverkusen Curated by Fritz Emslander AgentenImFr\u00fchling 2018 HELLABERENT Photograph from the solo-exhibition AUTOBIOGRAPIE I das gelebte Leben\u00a0 2018\u00a0 Kunstverein Leverkusen, Schloss Morsbroich e.V. Works by Richard Joseph Anuszkiewicz, Hella Berent, Rainer Gross, Katharina [&hellip;]","og_url":"https:\/\/www.hellaberent.de\/blog\/1zu1-begegnung-mit-originalen-aus-der-sammlung-leverkusen\/","og_site_name":"HELLA BERENT","article_modified_time":"2021-02-05T18:24:49+00:00","twitter_card":"summary_large_image","twitter_misc":{"Gesch\u00e4tzte Lesezeit":"2\u00a0Minuten"},"schema":{"@context":"https:\/\/schema.org","@graph":[{"@type":"WebPage","@id":"https:\/\/www.hellaberent.de\/blog\/1zu1-begegnung-mit-originalen-aus-der-sammlung-leverkusen\/","url":"https:\/\/www.hellaberent.de\/blog\/1zu1-begegnung-mit-originalen-aus-der-sammlung-leverkusen\/","name":"Leverkusen 1:1 - Begegnung mit Originalen aus der Sammlung (2020) - HELLA BERENT","isPartOf":{"@id":"https:\/\/www.hellaberent.de\/blog\/#website"},"datePublished":"2020-06-16T07:48:43+00:00","dateModified":"2021-02-05T18:24:49+00:00","breadcrumb":{"@id":"https:\/\/www.hellaberent.de\/blog\/1zu1-begegnung-mit-originalen-aus-der-sammlung-leverkusen\/#breadcrumb"},"inLanguage":"de","potentialAction":[{"@type":"ReadAction","target":["https:\/\/www.hellaberent.de\/blog\/1zu1-begegnung-mit-originalen-aus-der-sammlung-leverkusen\/"]}]},{"@type":"BreadcrumbList","@id":"https:\/\/www.hellaberent.de\/blog\/1zu1-begegnung-mit-originalen-aus-der-sammlung-leverkusen\/#breadcrumb","itemListElement":[{"@type":"ListItem","position":1,"name":"Startseite","item":"https:\/\/www.hellaberent.de\/blog\/"},{"@type":"ListItem","position":2,"name":"Leverkusen 1:1 &#8211; Begegnung mit Originalen aus der Sammlung (2020)"}]},{"@type":"WebSite","@id":"https:\/\/www.hellaberent.de\/blog\/#website","url":"https:\/\/www.hellaberent.de\/blog\/","name":"Hella Berent","description":"Extended Drawing = Sculpture = Space","alternateName":"Hella Berent \u2013 Extended Drawing = Sculpture = Space","potentialAction":[{"@type":"SearchAction","target":{"@type":"EntryPoint","urlTemplate":"https:\/\/www.hellaberent.de\/blog\/?s={search_term_string}"},"query-input":{"@type":"PropertyValueSpecification","valueRequired":true,"valueName":"search_term_string"}}],"inLanguage":"de"}]}},"_links":{"self":[{"href":"https:\/\/www.hellaberent.de\/blog\/wp-json\/wp\/v2\/pages\/2075","targetHints":{"allow":["GET"]}}],"collection":[{"href":"https:\/\/www.hellaberent.de\/blog\/wp-json\/wp\/v2\/pages"}],"about":[{"href":"https:\/\/www.hellaberent.de\/blog\/wp-json\/wp\/v2\/types\/page"}],"author":[{"embeddable":true,"href":"https:\/\/www.hellaberent.de\/blog\/wp-json\/wp\/v2\/users\/3"}],"replies":[{"embeddable":true,"href":"https:\/\/www.hellaberent.de\/blog\/wp-json\/wp\/v2\/comments?post=2075"}],"version-history":[{"count":20,"href":"https:\/\/www.hellaberent.de\/blog\/wp-json\/wp\/v2\/pages\/2075\/revisions"}],"predecessor-version":[{"id":2339,"href":"https:\/\/www.hellaberent.de\/blog\/wp-json\/wp\/v2\/pages\/2075\/revisions\/2339"}],"wp:attachment":[{"href":"https:\/\/www.hellaberent.de\/blog\/wp-json\/wp\/v2\/media?parent=2075"}],"curies":[{"name":"wp","href":"https:\/\/api.w.org\/{rel}","templated":true}]}}