{"id":2118,"date":"2020-12-10T12:23:41","date_gmt":"2020-12-10T10:23:41","guid":{"rendered":"https:\/\/www.hellaberent.de\/blog\/?page_id=2118"},"modified":"2022-11-14T21:37:28","modified_gmt":"2022-11-14T19:37:28","slug":"cv-selected-2020","status":"publish","type":"page","link":"https:\/\/www.hellaberent.de\/blog\/biography\/cv-selected-2020\/","title":{"rendered":"CV short (*2020)"},"content":{"rendered":"<h3>About Hella Berent<\/h3>\n<p>*1948 Thedinghausen, Germany, studied at the Academy of Fine Art, Hamburg (HfBK) and at the University in Hamburg. Since 2010 member of the German Artist&#8217;s Association (Deutscher K\u00fcnstlerbund Berlin). Her artistic work reflects her stays in Southern Europe, Asia and the Orient. In terms of media, her work ranges from drawings, artist books, sculpture, photography, video, text and installation. Berents conceptual-poetic work aims to navigate space, to move the thought in the context of cultures. Today she lives and works in Cologne and other places.<br \/>\n&nbsp;<\/p>\n<h4>Residency<\/h4>\n<ul>\n<li>2020 HEAD Ceramic Sculpture, Working Space CERCCO, Gen\u00e8ve, CH<\/li>\n<li>2019 Gapado \uac00\ud30c\ub3c4 AiR, Gapado Island, JeJu, South Korea<\/li>\n<li>2014 R\u00e9sidence &#8211; HEAD Ceramic Sculpture, Working Space CERCCO, Gen\u00e8ve, CH<\/li>\n<li>2010 FIH The Field Institute, Artist Fellowship, Raketenstation, Stiftung Insel Hombroich, Neuss<\/li>\n<li>2008\/2002\/1998 .ekwc, Artist Fellowship, \u2019s-Hertogenbosch (+ Iran &#8211; Den Bosch Project 2008), NL<\/li>\n<li>2001 THE BURNT BLUE, Goethe Institut Kairo, \u00c4gypten<\/li>\n<li>1998 Artist in Residence, Djerassi Foundation, Woodside, Kalifornien und Neu Mexiko, USA<\/li>\n<\/ul>\n<p>&nbsp;<\/p>\n<h4>Prizes and Scholarships<\/h4>\n<ul>\n<li>2020 Videoproduction WIND WOMAN STONE SouthKorea, Ministerium f\u00fcr Kultur &amp; Wissenschaft NRW<\/li>\n<li>1991 Hella Berent, Rom Exil der Heiterkeit, Karl Kerber Verlag, VG BILD-KUNST Publications<\/li>\n<li>1986 Karl Hofer Prize, Berlin<\/li>\n<li>1985 Scholarship Villa Massimo, Rome, I<\/li>\n<li>1984 Friedrich Vordemberge \u2013 Scholarship oft the City of Cologne, NRW<\/li>\n<li>1983 Alfred Krupp von Halbach Stiftung, Katalog f\u00fcr \u201aJunge K\u00fcnstler\u2019<\/li>\n<li>1983 Preis f\u00fcr junge K\u00fcnstler \u201983, Land Nordrhein-Westfalen<\/li>\n<li>1981 Ars Viva 81 Preis, verliehen vom Kulturrat der Deutschen Industrie BDI<\/li>\n<li>1978\/79 Casa Baldi, Olevano Romano, I<\/li>\n<li>1977 DAAD Stipendium Florence, Limonaia Villa Romana, proposed by Anna Oppermann<\/li>\n<\/ul>\n<p>&nbsp;<\/p>\n<h4>Solo Exhibition \u2013 selected<\/h4>\n<ul>\n<li>2022 GREEK FIELD Hella Berent. 80 teste di Antinoo, Collezione BAD, S.Agata De Goti, Napoli, Italien<\/li>\n<li>2021 NAKED NATURE EAST OF SOUTH HELLA BERENT, Zeichnung, Fotografie, Installation, Video, Galerie M\u00e4rzhase, Paderborn<\/li>\n<li>2018 CREDITO-MASSO-CULO Installazione, Galleria SAACI, Saviano, Napoli, Italien<\/li>\n<li>2018 AUTOBIOGRAPHIE I die erlebte Geschichte, Kunstverein Leverkusen, Schlo\u00df Morsbroich e.V., Leverkusen<\/li>\n<li>2018 AUTOBIOGRAPHIE II die erlebte Geschichte, Gallerie Kunstraum 21, Bonn<\/li>\n<li>2016 LIQUIDTIMES HELLABERENT, Upstairs Gallery, Oldenburg<\/li>\n<li>2016 LIFE IS CONSCIOUSNESS OF LIFE HELLABERENT, Galerie Kunstraum 21, Bonn<\/li>\n<li>2016 House of the Refugee HELLA BERENT (+ Hinze, Pfeiffer), Ziegelei Glindow \u2013 Brandenburg<\/li>\n<li>2014 asleep with the devil BLUE COLOR CHART, KunstHaus Kunstverein Potsdam, Brandenburg<\/li>\n<li>2014 UNDER ABSTRACTION (+ M. Kebbel) WerkstattGalerie, Berlin<\/li>\n<li>2014 Hella Berent 1977 \u2013 2014 K\u00fcnstlerb\u00fccher TIME CAPSULE, Landesbibliothek der Stadt Oldenburg<\/li>\n<li>2012 BOOK Space TANK OF TIME K\u00fcnstlerb\u00fccher 1977 \u2013 2012 Stefan Schuelke, Fine Books, K\u00f6ln<\/li>\n<li>2010\/2011 Hella Berent 1977 \u2013 2010 K\u00fcnstlerb\u00fccher TANK OF TIME Gedanken Korridore Gef\u00fchle, Kunst- &amp; Museumsbibliothek der Stadt K\u00f6ln<\/li>\n<li>2010 ANTEROOM Blue with Mirror, FIH Field Institute, Raketenstation, Stiftung Insel Hombroich, Neuss<\/li>\n<li>2007 SURFACE deconstructed, Museum of Contemporary Art, Esfahan, Iran<\/li>\n<li>2005 \u00c4gyptisch Blau \u2013 Skulpturen Zeichnungen, Fotografien Stadtmuseum, Pulverturm, Oldenburg<\/li>\n<li>2002 THE BURNT BLUE .ekwc, &#8217;s-Hertogenbosch, NL<\/li>\n<li>2001 The Burnt Blue II, Goethe Institut, Cairo, Egypt<\/li>\n<li>1997 \u00dcber die Linie, Galerie Beim Steinernen Kreuz, Brigitte Seinsoth, Bremen<\/li>\n<li>1993 ATHANASY &#8211; The Fire Consuming Otherness, India International Center, New Delhi, Indien<\/li>\n<li>1993 Die Immanenz des Raumes, Galerie Erhard Klein, Bonn<\/li>\n<li>1992 Judasohren, St. Agnes Kirche, K\u00f6ln<\/li>\n<li>1992 XXXXIV NERO, Galleria La Nuova Pesa, Rom, Italien<\/li>\n<li>1989 Orfeo, Im Fortgang einer Geschichte&#8230; Dany Keller Galerie, M\u00fcnchen<\/li>\n<li>1988 Eisschrank im Kopf, in der Sonne, unter freiem Himmel, Galerie Manfred Rieker, Heilbronn<\/li>\n<li>1988 Lavori Romani D\u00f6rrie * Priess Galerie, Hamburg<\/li>\n<li>1985 Hella Berent &#8211; Hilka Nordhausen, Galerie Ulrich D\u00f6rrie, weltbekannt.e.v., Hamburg<\/li>\n<li>1985 Der Aufbruch in die Ambivalenz der Augen beim Betrachten, Hamburger Kunsthalle, Hamburg<\/li>\n<li>1985 Die Besteigung der N\u00e4he, Oldenburger Kunstverein, Oldenburg<\/li>\n<li>1983 upside down &#8211; Gef\u00fchlsst\u00fcrze oder die Grube des Wunderbaren, St\u00e4dtische Galerie im Lenbachhaus und Kunstforum Maximilianstra\u00dfe, M\u00fcnchen<\/li>\n<li>1982 upside down, am Grad der Seele entlang Red Bar, New York City, USA (+ W. Woessner)<\/li>\n<li>1980 Zeichnungen, Objekte a strati, Fotos, Filme, K\u00fcnstlerhaus Hamburg, Hamburg<\/li>\n<li>1979 Und da steht man sich auf einmal gegen\u00fcber, Egypt-Photography-Installation, (+ W. Woessner) Gallery Without A Galerist, K\u00f6ln<\/li>\n<\/ul>\n<p>&nbsp;<\/p>\n<h4>Group Exhibition &#8211; selected<\/h4>\n<ul>\n<li>2020 &#8217;25 Jahre Kunstgruppe&#8216; 17.11.2020 \u2013 2021 SALON SCHMITZ, K\u00f6ln<\/li>\n<li>2020 BEGEGNUNG MIT ORIGINALEN AUS DER SAMMLUNG 1 : 1 Museum Morsbroich, Leverkusen<\/li>\n<li>2019 wer kann, der soll j\u00e4hrliche K\u00f6ln Show Kunstgruppe Salon Schmitz<\/li>\n<li>2016\/2017 nudo &amp; crudo, SAACI Gallery, Saviano, Napoli, I<\/li>\n<li>2015 Breathing holes for easing earth &#8211; LAND ART, Campi Flegrei XI EDIZIONE, I<\/li>\n<li>2013 &#8218;Sieht man ja, was es ist&#8216; Editionen Erhard Klein Kunstverein Bonn, Bonn<\/li>\n<li>2010 K\u00fcnstlerb\u00fccher &#8211; aus der Sammlung Erhard Klein, Galerie Klein, Bad M\u00fcnstereifel-Mutscheid<\/li>\n<li>2009 Risk Of Colour &#8211; Hella Berent, M. Amini, F. Farghadani, M. Mousavizade, S. Zakerameli, Aaran Gallery, Teheran, Iran (.ekwc, &#8217;s-Hertogenbosch)<\/li>\n<li>2006\/2007 Die Liebe zum Licht &#8211; Fotografien des 20. und 21.Jahrhundert, Kunstmuseum Celle, St\u00e4dtische Galerie Delmenhorst, Museum Bochum<\/li>\n<li>2005 Via Senese \u2013 100 Jahre Villa Romana, Fuhrwerkswaage, K\u00f6ln<\/li>\n<li>2005 10 Jahre pro arte \u2013 Sommerakademie, Galerie Pro Arte, Hallein, Salzburg, \u00d6sterreich<\/li>\n<li>2004 DIE WEITE WELT (R.S.Graphikmappe) Graphische Sammlung, Museum Ludwig, K\u00f6ln<\/li>\n<li>2003 Density and Light &#8211; the hannah peschar sculpture garden, Ockley Surrey, U.K.<\/li>\n<li>2000 Castelli in aria &#8211; Castel S. Elmo, Neapel, I<\/li>\n<li>1999 Artefacta &#8211; Brunico, Tirol, I<\/li>\n<li>1999 Cuma 4000 &#8211; Cuma, Neapel, I<\/li>\n<li>1997 Sammlung Hanck, Kunstmuseum D\u00fcsseldorf<\/li>\n<li>1995 Zeichnungen, Galerie Erhard Klein, Bad M\u00fcnstereifel-Mutscheid<\/li>\n<li>1995 Art and Nature &#8211; Goethe Institut, New Dehli, India<\/li>\n<li>1995 Levels of life &#8211; Goethe Institut, Dhaka, Bangladesh<\/li>\n<li>1993 Auszeit der Demokratie, KHD-Halle, K\u00f6ln<\/li>\n<li>1992 nicht von dieser art &#8211; Museum f\u00fcr Angewandte Kunst, Frankfurt a. M.<\/li>\n<li>1992 Colour, Max Mueller Bhavan, N.C.P.A. Bombay, India<\/li>\n<li>1991 Space &#8211; Max Mueller Bhavan, N.C.P.A. Bombay, India<\/li>\n<li>1988 Kunst f\u00fcr Europa, Deutsche Kunst heute &#8211; Europ\u00e4ische Gemeinschaft, Br\u00fcssel, Belgium<\/li>\n<li>1985 Tiempo Circular &#8211; 16 Pintores de Hamburgo, Foro de Arte Contemporanea, Mexico City, Mexico<\/li>\n<li>1984 Kunstlandschaft Bundesrepublik, Kunstverein f\u00fcr die Rheinlande und Westfalen, D\u00fcsseldorf<\/li>\n<li>1984 50 Kleider? Sammlung Hoffmann, Altes Museum, M\u00f6nchengladbach<\/li>\n<li>1983 Zeichner in Hamburg, Interversa, Kunsthalle Hamburg<\/li>\n<li>1982 Stipendiaten &#8217;81, Kunsthaus, Hamburg<\/li>\n<li>1981 Ars viva &#8211; Skulpturen und Installationen, Kunsthalle Bielefeld, Bielefeld<\/li>\n<\/ul>\n<p>&nbsp;<\/p>\n<h4>Wall \u2013 Drawing &#8211; Color Installation (selected)<\/h4>\n<ul>\n<li>2018 CREDITO \u2013 MASSO \u2013 CULO, Galleria Saachi, Saviano,Napoli, I<\/li>\n<li>2018 BLUE and War Walls, Kunstverein Leverkusen Schloss Morsbroich e.V.<\/li>\n<li>2009 Frozen Wives Call for Blue Rock of Light, HalleZehn, K\u00f6ln<\/li>\n<li>2005 Watercolours on Wall, Privatwohnung, Wangerooge<\/li>\n<li>2002 Wallpainting, Kunstraum 21, K\u00f6ln, Bonn<\/li>\n<li>2002 Wallpainting, Galerie Pro Arte, Hallein, Salzburg<\/li>\n<li>2000 HaveSunk, Castelli in Aria, Castel S. Elmo, Neapel<\/li>\n<li>1997\/1998 Wallpainting in Progress, Melchiorstra\u00dfe 14, K\u00f6ln<\/li>\n<li>1989 Im Fortgang einer Geschichte\u2026. Galerie Dany Keller, M\u00fcnchen<\/li>\n<li>1985 Die Besteigung der N\u00e4he, Kunstverein Oldenburg, Oldenburg<\/li>\n<li>1984 Die Ambivalenz der Augen beim Betrachten, Hamburger Kunsthalle, Hamburg<\/li>\n<li>1983 upside down &#8211; Gef\u00fchlst\u00fcrze &#8211; oder die Grube des Wunderbaren, Kunstforum; M\u00fcnchen<\/li>\n<li>1983 Die Gegenwart und das, was davon nicht zu sehen ist, Hamburger Zeichner heute, Hamburg<\/li>\n<li>1983 Gegenl\u00e4ufe und Mauern dazwischen, BUCH HANDLUNG WELT, Hamburg<\/li>\n<li>1982 Im Vorbeiflu\u00df, Dorn im Auge, Hamburg<\/li>\n<li>1982 Verschmelzung im Zwischenraum, Kunsthaus Hamburg<\/li>\n<li>1981 Mit dem Sternenzelt auf Augenh\u00f6he, Kunstverein Hamburg<\/li>\n<li>1980 Ausstr\u00f6me, Alles Schwindel, Hamburg<\/li>\n<li>1978 Androgino &#8211; dreidimensional, casa privata, Via Delle Caldaie, Florenz, I<\/li>\n<\/ul>\n<p>&nbsp;<\/p>\n<p><a href=\"https:\/\/hellaberent.de\/2020_CV_full_HB.pdf\">Full CV (extended)<\/a> (PDF Download)<br \/>\n<a href=\"https:\/\/de.wikipedia.org\/wiki\/Hella_Berent\" rel=\"noopener\" target=\"_blank\">Wikipedia<\/a><\/p>\n","protected":false},"excerpt":{"rendered":"<p>About Hella Berent *1948 Thedinghausen, Germany, studied at the Academy of Fine Art, Hamburg (HfBK) and at the University in Hamburg. Since 2010 member of the German Artist&#8217;s Association (Deutscher K\u00fcnstlerbund Berlin). Her artistic work reflects her stays in Southern Europe, Asia and the Orient. In terms of media, her work ranges from drawings, artist [&hellip;]<\/p>\n","protected":false},"author":3,"featured_media":0,"parent":1452,"menu_order":0,"comment_status":"closed","ping_status":"closed","template":"","meta":{"footnotes":""},"class_list":["post-2118","page","type-page","status-publish","hentry"],"yoast_head":"<!-- This site is optimized with the Yoast SEO plugin v27.4 - https:\/\/yoast.com\/product\/yoast-seo-wordpress\/ -->\n<title>CV short (*2020) - HELLA BERENT<\/title>\n<meta name=\"robots\" content=\"index, follow, max-snippet:-1, max-image-preview:large, max-video-preview:-1\" \/>\n<link rel=\"canonical\" href=\"https:\/\/www.hellaberent.de\/blog\/biography\/cv-selected-2020\/\" \/>\n<meta property=\"og:locale\" content=\"de_DE\" \/>\n<meta property=\"og:type\" content=\"article\" \/>\n<meta property=\"og:title\" content=\"CV short (*2020) - HELLA BERENT\" \/>\n<meta property=\"og:description\" content=\"About Hella Berent *1948 Thedinghausen, Germany, studied at the Academy of Fine Art, Hamburg (HfBK) and at the University in Hamburg. Since 2010 member of the German Artist&#8217;s Association (Deutscher K\u00fcnstlerbund Berlin). Her artistic work reflects her stays in Southern Europe, Asia and the Orient. In terms of media, her work ranges from drawings, artist [&hellip;]\" \/>\n<meta property=\"og:url\" content=\"https:\/\/www.hellaberent.de\/blog\/biography\/cv-selected-2020\/\" \/>\n<meta property=\"og:site_name\" content=\"HELLA BERENT\" \/>\n<meta property=\"article:modified_time\" content=\"2022-11-14T19:37:28+00:00\" \/>\n<meta name=\"twitter:card\" content=\"summary_large_image\" \/>\n<meta name=\"twitter:label1\" content=\"Gesch\u00e4tzte Lesezeit\" \/>\n\t<meta name=\"twitter:data1\" content=\"7\u00a0Minuten\" \/>\n<script type=\"application\/ld+json\" class=\"yoast-schema-graph\">{\"@context\":\"https:\\\/\\\/schema.org\",\"@graph\":[{\"@type\":\"WebPage\",\"@id\":\"https:\\\/\\\/www.hellaberent.de\\\/blog\\\/biography\\\/cv-selected-2020\\\/\",\"url\":\"https:\\\/\\\/www.hellaberent.de\\\/blog\\\/biography\\\/cv-selected-2020\\\/\",\"name\":\"CV short (*2020) - HELLA BERENT\",\"isPartOf\":{\"@id\":\"https:\\\/\\\/www.hellaberent.de\\\/blog\\\/#website\"},\"datePublished\":\"2020-12-10T10:23:41+00:00\",\"dateModified\":\"2022-11-14T19:37:28+00:00\",\"breadcrumb\":{\"@id\":\"https:\\\/\\\/www.hellaberent.de\\\/blog\\\/biography\\\/cv-selected-2020\\\/#breadcrumb\"},\"inLanguage\":\"de\",\"potentialAction\":[{\"@type\":\"ReadAction\",\"target\":[\"https:\\\/\\\/www.hellaberent.de\\\/blog\\\/biography\\\/cv-selected-2020\\\/\"]}]},{\"@type\":\"BreadcrumbList\",\"@id\":\"https:\\\/\\\/www.hellaberent.de\\\/blog\\\/biography\\\/cv-selected-2020\\\/#breadcrumb\",\"itemListElement\":[{\"@type\":\"ListItem\",\"position\":1,\"name\":\"Startseite\",\"item\":\"https:\\\/\\\/www.hellaberent.de\\\/blog\\\/\"},{\"@type\":\"ListItem\",\"position\":2,\"name\":\"Biography\",\"item\":\"https:\\\/\\\/www.hellaberent.de\\\/blog\\\/biography\\\/\"},{\"@type\":\"ListItem\",\"position\":3,\"name\":\"CV short (*2020)\"}]},{\"@type\":\"WebSite\",\"@id\":\"https:\\\/\\\/www.hellaberent.de\\\/blog\\\/#website\",\"url\":\"https:\\\/\\\/www.hellaberent.de\\\/blog\\\/\",\"name\":\"Hella Berent\",\"description\":\"Extended Drawing = Sculpture = Space\",\"alternateName\":\"Hella Berent \u2013 Extended Drawing = Sculpture = Space\",\"potentialAction\":[{\"@type\":\"SearchAction\",\"target\":{\"@type\":\"EntryPoint\",\"urlTemplate\":\"https:\\\/\\\/www.hellaberent.de\\\/blog\\\/?s={search_term_string}\"},\"query-input\":{\"@type\":\"PropertyValueSpecification\",\"valueRequired\":true,\"valueName\":\"search_term_string\"}}],\"inLanguage\":\"de\"}]}<\/script>\n<!-- \/ Yoast SEO plugin. -->","yoast_head_json":{"title":"CV short (*2020) - HELLA BERENT","robots":{"index":"index","follow":"follow","max-snippet":"max-snippet:-1","max-image-preview":"max-image-preview:large","max-video-preview":"max-video-preview:-1"},"canonical":"https:\/\/www.hellaberent.de\/blog\/biography\/cv-selected-2020\/","og_locale":"de_DE","og_type":"article","og_title":"CV short (*2020) - HELLA BERENT","og_description":"About Hella Berent *1948 Thedinghausen, Germany, studied at the Academy of Fine Art, Hamburg (HfBK) and at the University in Hamburg. Since 2010 member of the German Artist&#8217;s Association (Deutscher K\u00fcnstlerbund Berlin). Her artistic work reflects her stays in Southern Europe, Asia and the Orient. In terms of media, her work ranges from drawings, artist [&hellip;]","og_url":"https:\/\/www.hellaberent.de\/blog\/biography\/cv-selected-2020\/","og_site_name":"HELLA BERENT","article_modified_time":"2022-11-14T19:37:28+00:00","twitter_card":"summary_large_image","twitter_misc":{"Gesch\u00e4tzte Lesezeit":"7\u00a0Minuten"},"schema":{"@context":"https:\/\/schema.org","@graph":[{"@type":"WebPage","@id":"https:\/\/www.hellaberent.de\/blog\/biography\/cv-selected-2020\/","url":"https:\/\/www.hellaberent.de\/blog\/biography\/cv-selected-2020\/","name":"CV short (*2020) - HELLA BERENT","isPartOf":{"@id":"https:\/\/www.hellaberent.de\/blog\/#website"},"datePublished":"2020-12-10T10:23:41+00:00","dateModified":"2022-11-14T19:37:28+00:00","breadcrumb":{"@id":"https:\/\/www.hellaberent.de\/blog\/biography\/cv-selected-2020\/#breadcrumb"},"inLanguage":"de","potentialAction":[{"@type":"ReadAction","target":["https:\/\/www.hellaberent.de\/blog\/biography\/cv-selected-2020\/"]}]},{"@type":"BreadcrumbList","@id":"https:\/\/www.hellaberent.de\/blog\/biography\/cv-selected-2020\/#breadcrumb","itemListElement":[{"@type":"ListItem","position":1,"name":"Startseite","item":"https:\/\/www.hellaberent.de\/blog\/"},{"@type":"ListItem","position":2,"name":"Biography","item":"https:\/\/www.hellaberent.de\/blog\/biography\/"},{"@type":"ListItem","position":3,"name":"CV short (*2020)"}]},{"@type":"WebSite","@id":"https:\/\/www.hellaberent.de\/blog\/#website","url":"https:\/\/www.hellaberent.de\/blog\/","name":"Hella Berent","description":"Extended Drawing = Sculpture = Space","alternateName":"Hella Berent \u2013 Extended Drawing = Sculpture = Space","potentialAction":[{"@type":"SearchAction","target":{"@type":"EntryPoint","urlTemplate":"https:\/\/www.hellaberent.de\/blog\/?s={search_term_string}"},"query-input":{"@type":"PropertyValueSpecification","valueRequired":true,"valueName":"search_term_string"}}],"inLanguage":"de"}]}},"_links":{"self":[{"href":"https:\/\/www.hellaberent.de\/blog\/wp-json\/wp\/v2\/pages\/2118","targetHints":{"allow":["GET"]}}],"collection":[{"href":"https:\/\/www.hellaberent.de\/blog\/wp-json\/wp\/v2\/pages"}],"about":[{"href":"https:\/\/www.hellaberent.de\/blog\/wp-json\/wp\/v2\/types\/page"}],"author":[{"embeddable":true,"href":"https:\/\/www.hellaberent.de\/blog\/wp-json\/wp\/v2\/users\/3"}],"replies":[{"embeddable":true,"href":"https:\/\/www.hellaberent.de\/blog\/wp-json\/wp\/v2\/comments?post=2118"}],"version-history":[{"count":35,"href":"https:\/\/www.hellaberent.de\/blog\/wp-json\/wp\/v2\/pages\/2118\/revisions"}],"predecessor-version":[{"id":2904,"href":"https:\/\/www.hellaberent.de\/blog\/wp-json\/wp\/v2\/pages\/2118\/revisions\/2904"}],"up":[{"embeddable":true,"href":"https:\/\/www.hellaberent.de\/blog\/wp-json\/wp\/v2\/pages\/1452"}],"wp:attachment":[{"href":"https:\/\/www.hellaberent.de\/blog\/wp-json\/wp\/v2\/media?parent=2118"}],"curies":[{"name":"wp","href":"https:\/\/api.w.org\/{rel}","templated":true}]}}