{"id":2370,"date":"2021-05-28T09:51:33","date_gmt":"2021-05-28T07:51:33","guid":{"rendered":"https:\/\/www.hellaberent.de\/blog\/?page_id=2370"},"modified":"2021-06-03T12:55:28","modified_gmt":"2021-06-03T10:55:28","slug":"ausstellung-museum-weserburg-ueberraschung","status":"publish","type":"page","link":"https:\/\/www.hellaberent.de\/blog\/ausstellung-museum-weserburg-ueberraschung\/","title":{"rendered":"Bremen: Gruppen-Ausstellung Museum Weserburg &#8211; \u00dcberraschung"},"content":{"rendered":"<p><img decoding=\"async\" class=\"alignnone wp-image-2371 size-full lazyload\" data-src=\"https:\/\/www.hellaberent.de\/blog\/wp-content\/uploads\/2021\/05\/HB_1990-FORNO_Nuernberg.jpg\" alt=\"\" width=\"1591\" height=\"927\" data-srcset=\"https:\/\/www.hellaberent.de\/blog\/wp-content\/uploads\/2021\/05\/HB_1990-FORNO_Nuernberg.jpg 1591w, https:\/\/www.hellaberent.de\/blog\/wp-content\/uploads\/2021\/05\/HB_1990-FORNO_Nuernberg-300x175.jpg 300w, https:\/\/www.hellaberent.de\/blog\/wp-content\/uploads\/2021\/05\/HB_1990-FORNO_Nuernberg-1024x597.jpg 1024w, https:\/\/www.hellaberent.de\/blog\/wp-content\/uploads\/2021\/05\/HB_1990-FORNO_Nuernberg-768x447.jpg 768w, https:\/\/www.hellaberent.de\/blog\/wp-content\/uploads\/2021\/05\/HB_1990-FORNO_Nuernberg-1536x895.jpg 1536w, https:\/\/www.hellaberent.de\/blog\/wp-content\/uploads\/2021\/05\/HB_1990-FORNO_Nuernberg-904x527.jpg 904w\" data-sizes=\"(max-width: 1591px) 100vw, 1591px\" src=\"data:image\/svg+xml;base64,PHN2ZyB3aWR0aD0iMSIgaGVpZ2h0PSIxIiB4bWxucz0iaHR0cDovL3d3dy53My5vcmcvMjAwMC9zdmciPjwvc3ZnPg==\" style=\"--smush-placeholder-width: 1591px; --smush-placeholder-aspect-ratio: 1591\/927;\" \/><\/p>\n<p><em><strong>&#8220; DUFT, SMELL, OLOR, \u2026 Multiple Darstellungen des Olfaktorischen in der zeitgen\u00f6ssischen Kunst &#8222;<\/strong><\/em><br \/>\nAusstellung im Zentrum f\u00fcr K\u00fcnstlerpublikationen, Museum Weserburg, Bremen<br \/>\n08.05.2021 &#8211; 15.08.2021<br \/>\nKuratiert von Anne Thurmann-Jajes<\/p>\n<p>Arbeiten von Ida Applebroog, Donald Baechler, <strong>Hella Berent<\/strong>, Joseph Beuys, John Bock, Lucas Cejpek, Peter de Cupere, Heinz H. R. Decker, Anne Deguelle, Marcel Duchamp, Karl-Heinz Eckert, David Fletcher, PLG Friesl\u00e4nder, Gelitin, Walter Grond, Ottmar H\u00f6rl, Thomas Huber, Fabrice Hybert, Thomas Kapielski, Martin Kippenberger, Richard Kostelanetz, Veit Lauren Kurz, Piero Manzoni, Muntadas, Wawi Navarroza, Irina Neacsu, Otobong Nkanga, Jukka Nyman, Dimitri Papageorgiu, Dieter Roth, Gerhard R\u00fchm, Niki de Saint Phalle, Chris Siebenrok, Runzelstirn &amp; Gurgelstock, Geza Sch\u00f6n, Klaus Staeck, Barbo Maria Tiller, Piet Trantel, herman de vries, Emmett Williams und anderen.<\/p>\n<p>&nbsp;<\/p>\n","protected":false},"excerpt":{"rendered":"<p>&#8220; DUFT, SMELL, OLOR, \u2026 Multiple Darstellungen des Olfaktorischen in der zeitgen\u00f6ssischen Kunst &#8222; Ausstellung im Zentrum f\u00fcr K\u00fcnstlerpublikationen, Museum Weserburg, Bremen 08.05.2021 &#8211; 15.08.2021 Kuratiert von Anne Thurmann-Jajes Arbeiten von Ida Applebroog, Donald Baechler, Hella Berent, Joseph Beuys, John Bock, Lucas Cejpek, Peter de Cupere, Heinz H. R. Decker, Anne Deguelle, Marcel Duchamp, Karl-Heinz [&hellip;]<\/p>\n","protected":false},"author":3,"featured_media":0,"parent":0,"menu_order":0,"comment_status":"closed","ping_status":"closed","template":"","meta":{"footnotes":""},"class_list":["post-2370","page","type-page","status-publish","hentry"],"yoast_head":"<!-- This site is optimized with the Yoast SEO plugin v27.4 - https:\/\/yoast.com\/product\/yoast-seo-wordpress\/ -->\n<title>Bremen: Gruppen-Ausstellung Museum Weserburg - \u00dcberraschung - HELLA BERENT<\/title>\n<meta name=\"robots\" content=\"index, follow, max-snippet:-1, max-image-preview:large, max-video-preview:-1\" \/>\n<link rel=\"canonical\" href=\"https:\/\/www.hellaberent.de\/blog\/ausstellung-museum-weserburg-ueberraschung\/\" \/>\n<meta property=\"og:locale\" content=\"de_DE\" \/>\n<meta property=\"og:type\" content=\"article\" \/>\n<meta property=\"og:title\" content=\"Bremen: Gruppen-Ausstellung Museum Weserburg - \u00dcberraschung - HELLA BERENT\" \/>\n<meta property=\"og:description\" content=\"&#8220; DUFT, SMELL, OLOR, \u2026 Multiple Darstellungen des Olfaktorischen in der zeitgen\u00f6ssischen Kunst &#8222; Ausstellung im Zentrum f\u00fcr K\u00fcnstlerpublikationen, Museum Weserburg, Bremen 08.05.2021 &#8211; 15.08.2021 Kuratiert von Anne Thurmann-Jajes Arbeiten von Ida Applebroog, Donald Baechler, Hella Berent, Joseph Beuys, John Bock, Lucas Cejpek, Peter de Cupere, Heinz H. R. Decker, Anne Deguelle, Marcel Duchamp, Karl-Heinz [&hellip;]\" \/>\n<meta property=\"og:url\" content=\"https:\/\/www.hellaberent.de\/blog\/ausstellung-museum-weserburg-ueberraschung\/\" \/>\n<meta property=\"og:site_name\" content=\"HELLA BERENT\" \/>\n<meta property=\"article:modified_time\" content=\"2021-06-03T10:55:28+00:00\" \/>\n<meta property=\"og:image\" content=\"https:\/\/www.hellaberent.de\/blog\/wp-content\/uploads\/2021\/05\/HB_1990-FORNO_Nuernberg.jpg\" \/>\n<meta name=\"twitter:card\" content=\"summary_large_image\" \/>\n<meta name=\"twitter:label1\" content=\"Gesch\u00e4tzte Lesezeit\" \/>\n\t<meta name=\"twitter:data1\" content=\"1\u00a0Minute\" \/>\n<script type=\"application\/ld+json\" class=\"yoast-schema-graph\">{\"@context\":\"https:\\\/\\\/schema.org\",\"@graph\":[{\"@type\":\"WebPage\",\"@id\":\"https:\\\/\\\/www.hellaberent.de\\\/blog\\\/ausstellung-museum-weserburg-ueberraschung\\\/\",\"url\":\"https:\\\/\\\/www.hellaberent.de\\\/blog\\\/ausstellung-museum-weserburg-ueberraschung\\\/\",\"name\":\"Bremen: Gruppen-Ausstellung Museum Weserburg - \u00dcberraschung - HELLA BERENT\",\"isPartOf\":{\"@id\":\"https:\\\/\\\/www.hellaberent.de\\\/blog\\\/#website\"},\"primaryImageOfPage\":{\"@id\":\"https:\\\/\\\/www.hellaberent.de\\\/blog\\\/ausstellung-museum-weserburg-ueberraschung\\\/#primaryimage\"},\"image\":{\"@id\":\"https:\\\/\\\/www.hellaberent.de\\\/blog\\\/ausstellung-museum-weserburg-ueberraschung\\\/#primaryimage\"},\"thumbnailUrl\":\"https:\\\/\\\/www.hellaberent.de\\\/blog\\\/wp-content\\\/uploads\\\/2021\\\/05\\\/HB_1990-FORNO_Nuernberg.jpg\",\"datePublished\":\"2021-05-28T07:51:33+00:00\",\"dateModified\":\"2021-06-03T10:55:28+00:00\",\"breadcrumb\":{\"@id\":\"https:\\\/\\\/www.hellaberent.de\\\/blog\\\/ausstellung-museum-weserburg-ueberraschung\\\/#breadcrumb\"},\"inLanguage\":\"de\",\"potentialAction\":[{\"@type\":\"ReadAction\",\"target\":[\"https:\\\/\\\/www.hellaberent.de\\\/blog\\\/ausstellung-museum-weserburg-ueberraschung\\\/\"]}]},{\"@type\":\"ImageObject\",\"inLanguage\":\"de\",\"@id\":\"https:\\\/\\\/www.hellaberent.de\\\/blog\\\/ausstellung-museum-weserburg-ueberraschung\\\/#primaryimage\",\"url\":\"https:\\\/\\\/www.hellaberent.de\\\/blog\\\/wp-content\\\/uploads\\\/2021\\\/05\\\/HB_1990-FORNO_Nuernberg.jpg\",\"contentUrl\":\"https:\\\/\\\/www.hellaberent.de\\\/blog\\\/wp-content\\\/uploads\\\/2021\\\/05\\\/HB_1990-FORNO_Nuernberg.jpg\",\"width\":1591,\"height\":927},{\"@type\":\"BreadcrumbList\",\"@id\":\"https:\\\/\\\/www.hellaberent.de\\\/blog\\\/ausstellung-museum-weserburg-ueberraschung\\\/#breadcrumb\",\"itemListElement\":[{\"@type\":\"ListItem\",\"position\":1,\"name\":\"Startseite\",\"item\":\"https:\\\/\\\/www.hellaberent.de\\\/blog\\\/\"},{\"@type\":\"ListItem\",\"position\":2,\"name\":\"Bremen: Gruppen-Ausstellung Museum Weserburg &#8211; \u00dcberraschung\"}]},{\"@type\":\"WebSite\",\"@id\":\"https:\\\/\\\/www.hellaberent.de\\\/blog\\\/#website\",\"url\":\"https:\\\/\\\/www.hellaberent.de\\\/blog\\\/\",\"name\":\"Hella Berent\",\"description\":\"Extended Drawing = Sculpture = Space\",\"alternateName\":\"Hella Berent \u2013 Extended Drawing = Sculpture = Space\",\"potentialAction\":[{\"@type\":\"SearchAction\",\"target\":{\"@type\":\"EntryPoint\",\"urlTemplate\":\"https:\\\/\\\/www.hellaberent.de\\\/blog\\\/?s={search_term_string}\"},\"query-input\":{\"@type\":\"PropertyValueSpecification\",\"valueRequired\":true,\"valueName\":\"search_term_string\"}}],\"inLanguage\":\"de\"}]}<\/script>\n<!-- \/ Yoast SEO plugin. -->","yoast_head_json":{"title":"Bremen: Gruppen-Ausstellung Museum Weserburg - \u00dcberraschung - HELLA BERENT","robots":{"index":"index","follow":"follow","max-snippet":"max-snippet:-1","max-image-preview":"max-image-preview:large","max-video-preview":"max-video-preview:-1"},"canonical":"https:\/\/www.hellaberent.de\/blog\/ausstellung-museum-weserburg-ueberraschung\/","og_locale":"de_DE","og_type":"article","og_title":"Bremen: Gruppen-Ausstellung Museum Weserburg - \u00dcberraschung - HELLA BERENT","og_description":"&#8220; DUFT, SMELL, OLOR, \u2026 Multiple Darstellungen des Olfaktorischen in der zeitgen\u00f6ssischen Kunst &#8222; Ausstellung im Zentrum f\u00fcr K\u00fcnstlerpublikationen, Museum Weserburg, Bremen 08.05.2021 &#8211; 15.08.2021 Kuratiert von Anne Thurmann-Jajes Arbeiten von Ida Applebroog, Donald Baechler, Hella Berent, Joseph Beuys, John Bock, Lucas Cejpek, Peter de Cupere, Heinz H. R. Decker, Anne Deguelle, Marcel Duchamp, Karl-Heinz [&hellip;]","og_url":"https:\/\/www.hellaberent.de\/blog\/ausstellung-museum-weserburg-ueberraschung\/","og_site_name":"HELLA BERENT","article_modified_time":"2021-06-03T10:55:28+00:00","og_image":[{"url":"https:\/\/www.hellaberent.de\/blog\/wp-content\/uploads\/2021\/05\/HB_1990-FORNO_Nuernberg.jpg","type":"","width":"","height":""}],"twitter_card":"summary_large_image","twitter_misc":{"Gesch\u00e4tzte Lesezeit":"1\u00a0Minute"},"schema":{"@context":"https:\/\/schema.org","@graph":[{"@type":"WebPage","@id":"https:\/\/www.hellaberent.de\/blog\/ausstellung-museum-weserburg-ueberraschung\/","url":"https:\/\/www.hellaberent.de\/blog\/ausstellung-museum-weserburg-ueberraschung\/","name":"Bremen: Gruppen-Ausstellung Museum Weserburg - \u00dcberraschung - HELLA BERENT","isPartOf":{"@id":"https:\/\/www.hellaberent.de\/blog\/#website"},"primaryImageOfPage":{"@id":"https:\/\/www.hellaberent.de\/blog\/ausstellung-museum-weserburg-ueberraschung\/#primaryimage"},"image":{"@id":"https:\/\/www.hellaberent.de\/blog\/ausstellung-museum-weserburg-ueberraschung\/#primaryimage"},"thumbnailUrl":"https:\/\/www.hellaberent.de\/blog\/wp-content\/uploads\/2021\/05\/HB_1990-FORNO_Nuernberg.jpg","datePublished":"2021-05-28T07:51:33+00:00","dateModified":"2021-06-03T10:55:28+00:00","breadcrumb":{"@id":"https:\/\/www.hellaberent.de\/blog\/ausstellung-museum-weserburg-ueberraschung\/#breadcrumb"},"inLanguage":"de","potentialAction":[{"@type":"ReadAction","target":["https:\/\/www.hellaberent.de\/blog\/ausstellung-museum-weserburg-ueberraschung\/"]}]},{"@type":"ImageObject","inLanguage":"de","@id":"https:\/\/www.hellaberent.de\/blog\/ausstellung-museum-weserburg-ueberraschung\/#primaryimage","url":"https:\/\/www.hellaberent.de\/blog\/wp-content\/uploads\/2021\/05\/HB_1990-FORNO_Nuernberg.jpg","contentUrl":"https:\/\/www.hellaberent.de\/blog\/wp-content\/uploads\/2021\/05\/HB_1990-FORNO_Nuernberg.jpg","width":1591,"height":927},{"@type":"BreadcrumbList","@id":"https:\/\/www.hellaberent.de\/blog\/ausstellung-museum-weserburg-ueberraschung\/#breadcrumb","itemListElement":[{"@type":"ListItem","position":1,"name":"Startseite","item":"https:\/\/www.hellaberent.de\/blog\/"},{"@type":"ListItem","position":2,"name":"Bremen: Gruppen-Ausstellung Museum Weserburg &#8211; \u00dcberraschung"}]},{"@type":"WebSite","@id":"https:\/\/www.hellaberent.de\/blog\/#website","url":"https:\/\/www.hellaberent.de\/blog\/","name":"Hella Berent","description":"Extended Drawing = Sculpture = Space","alternateName":"Hella Berent \u2013 Extended Drawing = Sculpture = Space","potentialAction":[{"@type":"SearchAction","target":{"@type":"EntryPoint","urlTemplate":"https:\/\/www.hellaberent.de\/blog\/?s={search_term_string}"},"query-input":{"@type":"PropertyValueSpecification","valueRequired":true,"valueName":"search_term_string"}}],"inLanguage":"de"}]}},"_links":{"self":[{"href":"https:\/\/www.hellaberent.de\/blog\/wp-json\/wp\/v2\/pages\/2370","targetHints":{"allow":["GET"]}}],"collection":[{"href":"https:\/\/www.hellaberent.de\/blog\/wp-json\/wp\/v2\/pages"}],"about":[{"href":"https:\/\/www.hellaberent.de\/blog\/wp-json\/wp\/v2\/types\/page"}],"author":[{"embeddable":true,"href":"https:\/\/www.hellaberent.de\/blog\/wp-json\/wp\/v2\/users\/3"}],"replies":[{"embeddable":true,"href":"https:\/\/www.hellaberent.de\/blog\/wp-json\/wp\/v2\/comments?post=2370"}],"version-history":[{"count":6,"href":"https:\/\/www.hellaberent.de\/blog\/wp-json\/wp\/v2\/pages\/2370\/revisions"}],"predecessor-version":[{"id":2378,"href":"https:\/\/www.hellaberent.de\/blog\/wp-json\/wp\/v2\/pages\/2370\/revisions\/2378"}],"wp:attachment":[{"href":"https:\/\/www.hellaberent.de\/blog\/wp-json\/wp\/v2\/media?parent=2370"}],"curies":[{"name":"wp","href":"https:\/\/api.w.org\/{rel}","templated":true}]}}