{"id":328,"date":"2013-01-21T11:32:24","date_gmt":"2013-01-21T09:32:24","guid":{"rendered":"http:\/\/www.hellaberent.de\/blog\/?page_id=328"},"modified":"2018-07-25T18:11:10","modified_gmt":"2018-07-25T16:11:10","slug":"kornelimunster","status":"publish","type":"page","link":"https:\/\/www.hellaberent.de\/blog\/archiv\/kornelimunster\/","title":{"rendered":"Kornelim\u00fcnster &#8211; Neuank\u00e4ufe (2013)"},"content":{"rendered":"<p><img decoding=\"async\" class=\"alignnone wp-image-489 size-full lazyload\" title=\"Warlines X, 2012 Gouache on Fabriano paper 199,5 x 150 cm\" data-src=\"http:\/\/www.hellaberent.de\/blog\/wp-content\/uploads\/2013\/01\/koreneli21.jpg\" alt=\"\" width=\"782\" height=\"1036\" data-srcset=\"https:\/\/www.hellaberent.de\/blog\/wp-content\/uploads\/2013\/01\/koreneli21.jpg 782w, https:\/\/www.hellaberent.de\/blog\/wp-content\/uploads\/2013\/01\/koreneli21-226x300.jpg 226w, https:\/\/www.hellaberent.de\/blog\/wp-content\/uploads\/2013\/01\/koreneli21-772x1024.jpg 772w, https:\/\/www.hellaberent.de\/blog\/wp-content\/uploads\/2013\/01\/koreneli21-682x904.jpg 682w\" data-sizes=\"(max-width: 782px) 100vw, 782px\" src=\"data:image\/svg+xml;base64,PHN2ZyB3aWR0aD0iMSIgaGVpZ2h0PSIxIiB4bWxucz0iaHR0cDovL3d3dy53My5vcmcvMjAwMC9zdmciPjwvc3ZnPg==\" style=\"--smush-placeholder-width: 782px; --smush-placeholder-aspect-ratio: 782\/1036;\" \/><\/p>\n<p style=\"font-size: 9px; margin-top: -13px; text-align: right; padding-right: 145px;\">photographs by Niklas Durynek<\/p>\n<p>&nbsp;<\/p>\n<p style=\"margin-top: -20px;\"><strong><em>&#8220; Neuank\u00e4ufe &#8222;<\/em><\/strong> Kunst aus NRW<br \/>\nCurated by Maria Engels<br \/>\n2013 <a title=\"www.kunst-aus-nrw.nrw.de\" href=\"http:\/\/www.kunst-aus-nrw.nrw.de\/abtei_de.html\" target=\"_blank\" rel=\"noopener\">Former Reichsabtei Kornelim\u00fcnster, Aachen, Germany<\/a><\/p>\n<p>&nbsp;<\/p>\n","protected":false},"excerpt":{"rendered":"<p>photographs by Niklas Durynek &nbsp; &#8220; Neuank\u00e4ufe &#8222; Kunst aus NRW Curated by Maria Engels 2013 Former Reichsabtei Kornelim\u00fcnster, Aachen, Germany &nbsp;<\/p>\n","protected":false},"author":3,"featured_media":0,"parent":507,"menu_order":18,"comment_status":"closed","ping_status":"closed","template":"","meta":{"footnotes":""},"class_list":["post-328","page","type-page","status-publish","hentry"],"yoast_head":"<!-- This site is optimized with the Yoast SEO plugin v27.4 - https:\/\/yoast.com\/product\/yoast-seo-wordpress\/ -->\n<title>Kornelim\u00fcnster - Neuank\u00e4ufe (2013) - HELLA BERENT<\/title>\n<meta name=\"robots\" content=\"index, follow, max-snippet:-1, max-image-preview:large, max-video-preview:-1\" \/>\n<link rel=\"canonical\" href=\"https:\/\/www.hellaberent.de\/blog\/archiv\/kornelimunster\/\" \/>\n<meta property=\"og:locale\" content=\"de_DE\" \/>\n<meta property=\"og:type\" content=\"article\" \/>\n<meta property=\"og:title\" content=\"Kornelim\u00fcnster - Neuank\u00e4ufe (2013) - HELLA BERENT\" \/>\n<meta property=\"og:description\" content=\"photographs by Niklas Durynek &nbsp; &#8220; Neuank\u00e4ufe &#8222; Kunst aus NRW Curated by Maria Engels 2013 Former Reichsabtei Kornelim\u00fcnster, Aachen, Germany &nbsp;\" \/>\n<meta property=\"og:url\" content=\"https:\/\/www.hellaberent.de\/blog\/archiv\/kornelimunster\/\" \/>\n<meta property=\"og:site_name\" content=\"HELLA BERENT\" \/>\n<meta property=\"article:modified_time\" content=\"2018-07-25T16:11:10+00:00\" \/>\n<meta property=\"og:image\" content=\"http:\/\/www.hellaberent.de\/blog\/wp-content\/uploads\/2013\/01\/koreneli21.jpg\" \/>\n<meta name=\"twitter:card\" content=\"summary_large_image\" \/>\n<script type=\"application\/ld+json\" class=\"yoast-schema-graph\">{\"@context\":\"https:\\\/\\\/schema.org\",\"@graph\":[{\"@type\":\"WebPage\",\"@id\":\"https:\\\/\\\/www.hellaberent.de\\\/blog\\\/archiv\\\/kornelimunster\\\/\",\"url\":\"https:\\\/\\\/www.hellaberent.de\\\/blog\\\/archiv\\\/kornelimunster\\\/\",\"name\":\"Kornelim\u00fcnster - Neuank\u00e4ufe (2013) - HELLA BERENT\",\"isPartOf\":{\"@id\":\"https:\\\/\\\/www.hellaberent.de\\\/blog\\\/#website\"},\"primaryImageOfPage\":{\"@id\":\"https:\\\/\\\/www.hellaberent.de\\\/blog\\\/archiv\\\/kornelimunster\\\/#primaryimage\"},\"image\":{\"@id\":\"https:\\\/\\\/www.hellaberent.de\\\/blog\\\/archiv\\\/kornelimunster\\\/#primaryimage\"},\"thumbnailUrl\":\"http:\\\/\\\/www.hellaberent.de\\\/blog\\\/wp-content\\\/uploads\\\/2013\\\/01\\\/koreneli21.jpg\",\"datePublished\":\"2013-01-21T09:32:24+00:00\",\"dateModified\":\"2018-07-25T16:11:10+00:00\",\"breadcrumb\":{\"@id\":\"https:\\\/\\\/www.hellaberent.de\\\/blog\\\/archiv\\\/kornelimunster\\\/#breadcrumb\"},\"inLanguage\":\"de\",\"potentialAction\":[{\"@type\":\"ReadAction\",\"target\":[\"https:\\\/\\\/www.hellaberent.de\\\/blog\\\/archiv\\\/kornelimunster\\\/\"]}]},{\"@type\":\"ImageObject\",\"inLanguage\":\"de\",\"@id\":\"https:\\\/\\\/www.hellaberent.de\\\/blog\\\/archiv\\\/kornelimunster\\\/#primaryimage\",\"url\":\"https:\\\/\\\/www.hellaberent.de\\\/blog\\\/wp-content\\\/uploads\\\/2013\\\/01\\\/koreneli21.jpg\",\"contentUrl\":\"https:\\\/\\\/www.hellaberent.de\\\/blog\\\/wp-content\\\/uploads\\\/2013\\\/01\\\/koreneli21.jpg\",\"width\":\"782\",\"height\":\"1036\"},{\"@type\":\"BreadcrumbList\",\"@id\":\"https:\\\/\\\/www.hellaberent.de\\\/blog\\\/archiv\\\/kornelimunster\\\/#breadcrumb\",\"itemListElement\":[{\"@type\":\"ListItem\",\"position\":1,\"name\":\"Startseite\",\"item\":\"https:\\\/\\\/www.hellaberent.de\\\/blog\\\/\"},{\"@type\":\"ListItem\",\"position\":2,\"name\":\"Ausstellungsarchiv (\u00dcbersicht)\",\"item\":\"https:\\\/\\\/www.hellaberent.de\\\/blog\\\/archiv\\\/\"},{\"@type\":\"ListItem\",\"position\":3,\"name\":\"Kornelim\u00fcnster &#8211; Neuank\u00e4ufe (2013)\"}]},{\"@type\":\"WebSite\",\"@id\":\"https:\\\/\\\/www.hellaberent.de\\\/blog\\\/#website\",\"url\":\"https:\\\/\\\/www.hellaberent.de\\\/blog\\\/\",\"name\":\"Hella Berent\",\"description\":\"Extended Drawing = Sculpture = Space\",\"alternateName\":\"Hella Berent \u2013 Extended Drawing = Sculpture = Space\",\"potentialAction\":[{\"@type\":\"SearchAction\",\"target\":{\"@type\":\"EntryPoint\",\"urlTemplate\":\"https:\\\/\\\/www.hellaberent.de\\\/blog\\\/?s={search_term_string}\"},\"query-input\":{\"@type\":\"PropertyValueSpecification\",\"valueRequired\":true,\"valueName\":\"search_term_string\"}}],\"inLanguage\":\"de\"}]}<\/script>\n<!-- \/ Yoast SEO plugin. -->","yoast_head_json":{"title":"Kornelim\u00fcnster - Neuank\u00e4ufe (2013) - HELLA BERENT","robots":{"index":"index","follow":"follow","max-snippet":"max-snippet:-1","max-image-preview":"max-image-preview:large","max-video-preview":"max-video-preview:-1"},"canonical":"https:\/\/www.hellaberent.de\/blog\/archiv\/kornelimunster\/","og_locale":"de_DE","og_type":"article","og_title":"Kornelim\u00fcnster - Neuank\u00e4ufe (2013) - HELLA BERENT","og_description":"photographs by Niklas Durynek &nbsp; &#8220; Neuank\u00e4ufe &#8222; Kunst aus NRW Curated by Maria Engels 2013 Former Reichsabtei Kornelim\u00fcnster, Aachen, Germany &nbsp;","og_url":"https:\/\/www.hellaberent.de\/blog\/archiv\/kornelimunster\/","og_site_name":"HELLA BERENT","article_modified_time":"2018-07-25T16:11:10+00:00","og_image":[{"url":"http:\/\/www.hellaberent.de\/blog\/wp-content\/uploads\/2013\/01\/koreneli21.jpg","type":"","width":"","height":""}],"twitter_card":"summary_large_image","schema":{"@context":"https:\/\/schema.org","@graph":[{"@type":"WebPage","@id":"https:\/\/www.hellaberent.de\/blog\/archiv\/kornelimunster\/","url":"https:\/\/www.hellaberent.de\/blog\/archiv\/kornelimunster\/","name":"Kornelim\u00fcnster - Neuank\u00e4ufe (2013) - HELLA BERENT","isPartOf":{"@id":"https:\/\/www.hellaberent.de\/blog\/#website"},"primaryImageOfPage":{"@id":"https:\/\/www.hellaberent.de\/blog\/archiv\/kornelimunster\/#primaryimage"},"image":{"@id":"https:\/\/www.hellaberent.de\/blog\/archiv\/kornelimunster\/#primaryimage"},"thumbnailUrl":"http:\/\/www.hellaberent.de\/blog\/wp-content\/uploads\/2013\/01\/koreneli21.jpg","datePublished":"2013-01-21T09:32:24+00:00","dateModified":"2018-07-25T16:11:10+00:00","breadcrumb":{"@id":"https:\/\/www.hellaberent.de\/blog\/archiv\/kornelimunster\/#breadcrumb"},"inLanguage":"de","potentialAction":[{"@type":"ReadAction","target":["https:\/\/www.hellaberent.de\/blog\/archiv\/kornelimunster\/"]}]},{"@type":"ImageObject","inLanguage":"de","@id":"https:\/\/www.hellaberent.de\/blog\/archiv\/kornelimunster\/#primaryimage","url":"https:\/\/www.hellaberent.de\/blog\/wp-content\/uploads\/2013\/01\/koreneli21.jpg","contentUrl":"https:\/\/www.hellaberent.de\/blog\/wp-content\/uploads\/2013\/01\/koreneli21.jpg","width":"782","height":"1036"},{"@type":"BreadcrumbList","@id":"https:\/\/www.hellaberent.de\/blog\/archiv\/kornelimunster\/#breadcrumb","itemListElement":[{"@type":"ListItem","position":1,"name":"Startseite","item":"https:\/\/www.hellaberent.de\/blog\/"},{"@type":"ListItem","position":2,"name":"Ausstellungsarchiv (\u00dcbersicht)","item":"https:\/\/www.hellaberent.de\/blog\/archiv\/"},{"@type":"ListItem","position":3,"name":"Kornelim\u00fcnster &#8211; Neuank\u00e4ufe (2013)"}]},{"@type":"WebSite","@id":"https:\/\/www.hellaberent.de\/blog\/#website","url":"https:\/\/www.hellaberent.de\/blog\/","name":"Hella Berent","description":"Extended Drawing = Sculpture = Space","alternateName":"Hella Berent \u2013 Extended Drawing = Sculpture = Space","potentialAction":[{"@type":"SearchAction","target":{"@type":"EntryPoint","urlTemplate":"https:\/\/www.hellaberent.de\/blog\/?s={search_term_string}"},"query-input":{"@type":"PropertyValueSpecification","valueRequired":true,"valueName":"search_term_string"}}],"inLanguage":"de"}]}},"_links":{"self":[{"href":"https:\/\/www.hellaberent.de\/blog\/wp-json\/wp\/v2\/pages\/328","targetHints":{"allow":["GET"]}}],"collection":[{"href":"https:\/\/www.hellaberent.de\/blog\/wp-json\/wp\/v2\/pages"}],"about":[{"href":"https:\/\/www.hellaberent.de\/blog\/wp-json\/wp\/v2\/types\/page"}],"author":[{"embeddable":true,"href":"https:\/\/www.hellaberent.de\/blog\/wp-json\/wp\/v2\/users\/3"}],"replies":[{"embeddable":true,"href":"https:\/\/www.hellaberent.de\/blog\/wp-json\/wp\/v2\/comments?post=328"}],"version-history":[{"count":33,"href":"https:\/\/www.hellaberent.de\/blog\/wp-json\/wp\/v2\/pages\/328\/revisions"}],"predecessor-version":[{"id":1510,"href":"https:\/\/www.hellaberent.de\/blog\/wp-json\/wp\/v2\/pages\/328\/revisions\/1510"}],"up":[{"embeddable":true,"href":"https:\/\/www.hellaberent.de\/blog\/wp-json\/wp\/v2\/pages\/507"}],"wp:attachment":[{"href":"https:\/\/www.hellaberent.de\/blog\/wp-json\/wp\/v2\/media?parent=328"}],"curies":[{"name":"wp","href":"https:\/\/api.w.org\/{rel}","templated":true}]}}